48).
-13
Let j(g) = g**2 + 5*g - 28. Determine j(-7).
-14
Let f(v) = 2*v**2 - 15*v - 795. Determine f(24).
-3
Let k(o) = 32*o**2 + 825*o - 177. Give k(-26).
5
Let t(b) = -1249*b + 13. What is t(0)?
13
Let m(v) = -v**3 - 6*v**2 + 457*v + 4838. Give m(-15).
8
Let y(l) = 11*l**2 + 22*l - 358. Determine y(-7).
27
Let z(f) = 47*f**2 + 239*f + 16. Give z(-5).
-4
Let v(y) = -17*y**2 + 65*y + 7. Give v(3).
49
Let m(z) = -59*z + 3150. What is m(52)?
82
Let a(o) = -o**2 - 26*o - 131. What is a(-22)?
-43
Let j(v) = -v**3 - 28*v**2 - 51*v - 1425. What is j(-28)?
3
Let j(f) = 2*f**2 - 69*f + 568. Give j(15).
-17
Let x(o) = 380*o + 4327. Calculate x(-11).
147
Let v(l) = 2*l**3 + 13*l**2 - 195*l + 5. Give v(8).
301
Let y(n) = n**2 - 16*n + 30. Give y(12).
-18
Let h(o) = -25*o + 1046. What is h(42)?
-4
Let v(r) = -39*r - 786. Determine v(-20).
-6
Let i(g) = -2809*g + 14066. Give i(5).
21
Let v(w) = 2*w**3 + 21*w**2 - 25*w - 536. Give v(-7).
-18
Let d(w) = w**3 + 12*w**2 - 7*w - 197. Determine d(-11).
1
Let i(h) = 20*h**2 + 999*h - 999. Give i(1).
20
Let o(s) = -182*s + 11427. Give o(63).
-39
Let c(a) = a**3 + 2*a**2 - 221*a + 54. Give c(-16).
6
Let g(a) = a**2 - 80*a + 598. Give g(9).
-41
Let r(p) = p**3 - 17*p**2 + 15*p + 15. Determine r(16).
-1
Let y(d) = d**3 + 59*d**2 + 57*d - 174. Give y(-58).
-116
Let i(z) = -z**3 + 35*z**2 - 35*z - 47. Calculate i(34).
-81
Let p(j) = -4*j**2 + 148*j + 113. Give p(38).
-39
Let v(x) = -21*x - 333. What is v(-16)?
3
Let d(s) = 6*s**2 + 7*s - 14. What is d(-5)?
101
Let j(d) = -d**2 - 22*d + 187. Determine j(6).
19
Let r(h) = -41*h**3 - 5*h**2 - 13*h + 4. Give r(-2).
338
Let z(i) = 70*i + 553. What is z(-3)?
343
Let y(c) = 8*c**3 + 30*c**2 + 3*c + 47. Calculate y(-4).
3
Let i(q) = -13*q**2 - 385*q - 2291. Give i(-8).
-43
Let o(c) = -67*c - 263. What is o(-6)?
139
Let h(n) = -19*n**2 - 15*n - 20. Calculate h(4).
-384
Let z(j) = -34*j**2 + 148*j - 46. Determine z(4).
2
Let x(a) = -a**2 + 23*a - 104. What is x(30)?
-314
Let p(t) = -50*t**2 - 405*t - 49. Give p(-8).
-9
Let y(n) = -401*n - 35678. Determine y(-89).
11
Let j(d) = 2*d**2 + 193*d + 3896. Give j(-28).
60
Let a(z) = 780*z - 7. Determine a(0).
-7
Let p(x) = -3920*x - 94080. Give p(-24).
0
Let w(y) = 4*y**2 - 43*y + 209. Determine w(23).
1336
Let z(j) = -j**2 + 5*j + 119. Give z(0).
119
Let m(k) = 11*k + 715. Calculate m(-62).
33
Let z(a) = -19*a - 36. Determine z(-8).
116
Let x(k) = -91*k + 478. Calculate x(9).
-341
Let r(x) = x**3 + 31*x**2 - 16. Calculate r(-31).
-16
Let i(j) = j**3 + 4*j**2 - 48*j + 7. What is i(5)?
-8
Let x(m) = -31*m**2 - 347*m - 898. Calculate x(-4).
-6
Let d(b) = b**3 + 12*b**2 + 9*b - 22. Determine d(-11).
0
Let f(t) = -5*t**2 + 5*t - 9. What is f(1)?
-9
Let c(g) = -182*g + 908. What is c(5)?
-2
Let m(k) = -39*k**2 - 272*k + 312. Give m(-8).
-8
Let u(x) = x**2 + 35*x + 288. Give u(-14).
-6
Let p(r) = 630*r + 11338. What is p(-18)?
-2
Let w(i) = -7*i**2 + 1765*i - 13685. Determine w(8).
-13
Let v(j) = -39*j + 1796. Calculate v(46).
2
Let z(f) = -f**3 + 20*f**2 - 8*f - 200. What is z(19)?
9
Let u(m) = 3*m**2 - 16*m - 68. Calculate u(-3).
7
Let q(y) = -y**3 + 59*y**2 + 1989*y + 242. Determine q(83).
-7
Let k(l) = -l**2 + 55*l + 367. Determine k(-6).
1
Let a(r) = -r**2 + 452*r + 4. Calculate a(0).
4
Let z(d) = d**3 - 35*d**2 + 4*d - 227. Determine z(35).
-87
Let d(k) = 186*k + 2028. Calculate d(-11).
-18
Let w(i) = -i**2 + 2522*i - 4. Determine w(0).
-4
Let t(m) = m**3 - 29*m**2 - 33*m + 44. Give t(30).
-46
Let p(o) = 24*o**3 - 7*o**2 + 6*o - 2. Calculate p(2).
174
Let y(f) = f**2 + 133*f + 2080. Give y(-18).
10
Let k(z) = z**3 + 12*z**2 - 25*z + 3. Give k(4).
159
Let i(l) = 8*l - 36. Determine i(5).
4
Let t(y) = 179*y - 857. Determine t(5).
38
Let t(o) = 5*o**2 - 16*o - 19. Calculate t(-3).
74
Let b(l) = 106*l + 2008. Determine b(-19).
-6
Let b(k) = -7*k + 15. Determine b(1).
8
Let i(u) = -2*u**2 - 144*u - 542. Calculate i(-4).
2
Let r(z) = 77*z - 4. Calculate r(1).
73
Let v(y) = y**3 - 21*y**2 + y - 7. Give v(8).
-831
Let i(d) = d**3 + 4*d**2 - 95*d + 103. What is i(-13)?
-183
Let o(r) = 528*r - 48566. Calculate o(92).
10
Let h(w) = w**2 + 18. Calculate h(-8).
82
Let h(v) = -9*v**3 + 1516*v**2 + 3934*v - 179. What is h(171)?
-8
Let g(t) = t**3 - 3*t**2 + 2*t - 131. Determine g(7).
79
Let z(v) = 7*v**2 - 42*v + 34. What is z(7)?
83
Let f(g) = 152*g - 1403. What is f(9)?
-35
Let j(z) = -6*z**2 - 459*z + 157. Give j(-77).
-74
Let o(z) = 3*z**3 - 290*z**2 + 476*z - 108. Calculate o(95).
-13
Let o(s) = -s**2 - 6*s + 6. What is o(-5)?
11
Let p(f) = -230*f + 11048. What is p(48)?
8
Let o(b) = -3*b**2 + 6*b + 87. Give o(-9).
-210
Let s(w) = 35*w - 243. Calculate s(20).
457
Let t(a) = -195*a - 1551. Calculate t(-8).
9
Let c(w) = -w**2 - 14483*w + 57952. What is c(4)?
4
Let x(d) = -188*d**2 + 7336*d - 155. What is x(39)?
1
Let b(k) = k**3 + 76*k**2 - 86*k - 696. Give b(-77).
-3
Let c(x) = x**3 - 28*x**2 + 16*x + 266. Determine c(27).
-31
Let h(a) = 21*a - 50. Give h(-8).
-218
Let m(z) = 2468*z - 12270. Calculate m(5).
70
Let z(m) = -35*m + 533. Give z(15).
8
Let q(z) = z**3 - 10*z**2 + 14*z - 3. Determine q(6).
-63
Let a(b) = b**2 + 4*b + 15. Give a(-7).
36
Let z(c) = 1450*c - 14507. What is z(10)?
-7
Let w(t) = -t**2 - 28*t - 173. Give w(-17).
14
Let c(i) = -i**3 - 23*i**2 + 47*i - 60. Calculate c(-25).
15
Let r(c) = c**2 - 8*c - 590. Give r(26).
-122
Let v(p) = -p**3 - 15*p**2 + 20*p + 37. Determine v(-11).
-667
Let z(n) = 1124*n + 5605. Give z(-5).
-15
Let w(r) = 55*r**2 - 29*r - 28. Give w(-1).
56
Let z(s) = -s**3 + 56*s**2 + 116*s + 10. Give z(58).
10
Let u(v) = -v**3 - 24*v**2 + 7*v - 270. Determine u(-25).
180
Let b(l) = 33*l - 1044. Give b(36).
144
Let h(t) = -t**2 + 33*t + 257. Calculate h(-7).
-23
Let p(a) = -2*a - 73. Calculate p(-39).
5
Let q(y) = y**2 + 26*y + 5. Calculate q(-23).
-64
Let o(d) = -80*d - 147. Determine o(-2).
13
Let v(c) = 5*c**2 + 5*c + 5. Give v(-1).
5
Let r(u) = u**3 - 57*u**2 - 62*u - 109. Give r(58).
-341
Let y(n) = n**3 + 17*n**2 + 46*n + 88. Give y(-14).
32
Let u(k) = k**3 - k**2 - 4*k - 8. Calculate u(6).
148
Let h(c) = -c**3 - 62*c**2 - 26*c - 1619. Determine h(-62).
-7
Let u(y) = 58*y - 778. Give u(14).
34
Let l(w) = -5*w**3 + 39*w**2 + 42*w + 40. Determine l(9).
-68
Let a(x) = 2*x**2 - 21*x + 22. Determine a(12).
58
Let l(k) = -13*k**2 + 121*k + 779. Give l(-6).
-415
Let a(c) = c**3 - 27*c**2 + 110*c + 32. Calculate a(22).
32
Let y(u) = 2*u**3 - 85*u**2 + 48*u - 85. What is y(42)?
167
Let a(f) = f**3 + 6*f**2 + 12*f - 6. What is a(-5)?
-41
Let u(m) = -45*m + 114. Give u(3).
-21
Let w(c) = 53*c**2 - 10*c + 16. Determine w(2).
208
Let z(x) = 120*x**2 - 1202*x + 11. Calculate z(10).
-9
Let v(w) = 3*w**2 - 45*w - 388. Calculate v(-7).
74
Let n(a) = -a**2 - 41*a + 444. Give n(-50).
-6
Let d(a) = -a**3 - 11*a**2 + 2*a + 41. What is d(-10)?
-79
Let n(d) = -2*d**2 - 46*d + 208. Give n(4).
-8
Let r(v) = -10*v**3 + 154*v**2 - 64*v + 16. Give r(15).
-44
Let a(x) = -270*x + 7295. Calculate a(27).
5
Let y(d) = 6*d + 36. Give y(-14).
-48
Let d(n) = n**2 + 529*n + 19106. Determine d(-39).
-4
Let k(b) = -b**2 - 410*b + 12706. Give k(29).
-25
Let n(q) = -q**3 + 35*q**2 - 161*q + 64. What is n(30)?
-266
Let l(j) = -428*j + 438. Calculate l(1).
10
Let l(m) = 2*m**2 - 407*m + 3496. Give l(9).
-5
Let c(w) = w**2 - 7*w + 8. Calculate c(6).
2
Let m(n) = -3*n - 116. Calculate m(-28).
-32
Let v(p) = -4672*p + 28027. What is v(6)?
-5
Let x(j) = -2*j**3 + 7*j**2 - 7*j - 15. Give x(6).
-237
Let t(c) = -c + 389. Calculate t(57).
332
Let z(o) = o**3 + 13*o**2 - 85*o + 27. Calculate z(-17).
316
Let a(l) = l**2 + 9*l + 20. Determine a(-3).
2
Let f(t) = -4*t**3 + 11*t**2 - 14*t + 3. What is f(2)?
-13
Let t(p) = -23*p**3 - 5*p + 5. Determine t(2).
-189
Let v(r) = -476*r + 33801. Determine v(71).
5
Let m(k) = 2*k**2 - 2030*k - 77856. Give m(-37).
-8
Let w(m) = -22*m**3 - 2*m**2 - 7*m - 6. Give w(-1).
21
Let b(l) = l**3 - 15*l**2 - 88*l - 364. What is b(20)?
-124
Let d(g) = g**2 + 16*g - 163. Calculate d(8).
29
Let d(n) = 2*n**3 + 91*n**2 + 214*n - 41. Give d(-43).
2
Let s(q) = -31*q - 258. Determine s(-8).
-10
Let l(t) = 16*t - 525. Calculate l(33).
3
Let a(b) = -45*b - 159. Determine a(-3).
-24
Let w(h) = -h**3 + 47*h**2 + 57*h - 418. Determine 